 b(c) = 11*a(c) - 6*j(c). Let y = -10 + 14. What is b(y)?
3
Let z be 2*2/(-4)*6. Let a be 4 + (-1 - 4) + 2. Let u be 76/(-24) - a/z. Let m(f) = f. What is m(u)?
-3
Let a(n) = -n - 5. Let l be a(-3). Let f(p) = -p**2 + p + 1. Give f(l).
-5
Suppose -1 + 4 = r. Let g(s) = -r*s**2 - 2*s + s + s**2 + s**2. Determine g(2).
-6
Let w(n) be the second derivative of -n**5/20 + n**4/2 - 5*n**3/6 + 3*n**2 - 7*n. Determine w(5).
6
Let f(m) = 7*m**2 - m - 6. Let u(c) = 5 + 4*c**2 - 4 - 5*c**2. Let i(d) = f(d) + 5*u(d). Suppose 4*p - 15 = 3*v, -3*p + 0 + 9 = 0. Give i(v).
2
Let d(c) = -222 + c + 0*c + 215. What is d(3)?
-4
Let l(z) = z**2 + 12*z + 14. Let n be l(-10). Let c(p) = 2*p + 6. Determine c(n).
-6
Let i be (-58)/18 + (-2)/(-9). Let g(n) = n**2 + n. What is g(i)?
6
Suppose -2*z = 5*h - 30, -h - 13 = -5*z + 2*h. Let n(t) = 2*t - 7. Let c(u) = -u. Suppose 0 = -2*d - 6 + 4. Let f(g) = d*c(g) + n(g). Calculate f(z).
8
Let s(j) = -j + 3. Suppose -4*g = g - 35. Suppose -2*l - g = -3*q + 8, 4*l + 3*q = -3. Give s(l).
6
Let f(w) = w**3 + 6*w**2 - 6*w + 4. Let d be f(-7). Let l(k) = k**3 + 3*k**2 + 3*k + 2. What is l(d)?
-7
Let q(p) = -p**2 + 6*p - 7. Suppose 7 = 3*b - 8. Determine q(b).
-2
Let y(k) = 40*k**2 - 22*k**2 - 7 + 6*k - 19*k**2. Determine y(5).
-2
Let b(r) = r**2 + r**3 + 4 - 1 + 5*r**2. Calculate b(-6).
3
Let c(k) be the third derivative of -k**5/60 - k**4/24 - 7*k**3/6 - 2*k**2. Suppose 0 = -3*v + 8*t - 3*t - 5, -4 = 3*v - 4*t. Calculate c(v).
-7
Suppose s - 6 + 2 = 0. Let o(t) = t**3 - 4*t**2 - 2*t. Give o(s).
-8
Let p(j) = j**2 + 2*j. Let u(d) = -5*d**2 - 16*d. Let a(o) = -4*p(o) - u(o). What is a(-8)?
0
Let n(t) be the first derivative of t**2 + t - 5. What is n(-2)?
-3
Let w(o) = o**3 + 14*o**2 - 16*o - 23. Let n be w(-15). Let p(u) = -u**3 - 7*u**2 + 8*u + 3. Determine p(n).
3
Let g(r) be the second derivative of 0 - 9/2*r**2 - 1/12*r**4 + 4/3*r**3 + 4*r. What is g(6)?
3
Let q(j) = j - 15 + 12 - 5*j. What is q(-2)?
5
Let a(m) = -5*m + 5*m + m - 1. Suppose -34 = -5*j - 3*o, 4*o + 11 = 4*j + 3. Give a(j).
4
Let m(u) = -u**3 - u**2 + u. Suppose -2*x + 5*n = 7, 0*x - 5 = x - n. Let l be (x - -5)/(2/(-6)). Let f = -1 + l. Determine m(f).
-10
Let g(k) be the second derivative of k**5/20 - k**3/6 + k**2/2 + 3*k. Suppose w = 3*w. Calculate g(w).
1
Let a(j) = j**2 - 5*j - 8. Let s be a(6). Let n(x) = -x. Let v(m) = -4*m. Let f(q) = -3*n(q) + v(q). What is f(s)?
2
Let n(j) be the third derivative of 1/6*j**3 + 0 + 1/24*j**4 + 0*j + 10*j**2. What is n(7)?
8
Let v(b) = -b. Let a(d) = 3*d + 2. Let h(r) = -r + 2. Let x be h(-4). Let p be 33/(-9) - 2/x. Let c(n) = p*v(n) - a(n). Determine c(-4).
-6
Let m(t) = t**2 + 5*t - 6. Let r = -5 - -1. Let q = -2 - r. Suppose -j - q*j = 15. What is m(j)?
-6
Let p(a) = a - 1. Let t(u) = 5*u - 5. Let q(n) = -6*p(n) + t(n). Let s be (0 - -1)*(-10)/(-2). Calculate q(s).
-4
Let d(n) = -2 - 2 + 5 + n**2 + 4*n. Let p(m) = 4*m**2 + m - 8. Let v(q) = -q**2 + q + 1. Let i(z) = -p(z) - 5*v(z). Let y be i(4). What is d(y)?
6
Let q(f) be the second derivative of 5*f**4/12 - f**3/3 + f**2/2 - 16*f. Suppose 4*b - 3*b = 1. Calculate q(b).
4
Suppose -4*c - 4*n + 2 = -2*n, 2*c - 2*n = -2. Suppose -b + 1 = -r, 4*b - 11 = -3*r - c*r. Let f(x) = -b*x**2 + x**2 + 2 - 3 - 6*x**3 - 2*x. Calculate f(-1).
6
Let q = 94 - 97. Let p(t) = 3*t**2 + 3*t. Calculate p(q).
18
Let j(v) = 3 - 2*v + 0*v**3 - 5 + 2*v**2 + v**3. Suppose 0 = 9*d + 13 + 5. Give j(d).
2
Let a(m) = -m**3 + 2*m. Let k be (4/3)/(-2)*-3. Determine a(k).
-4
Let t(d) = -3*d - 4. Let l be t(-3). Let p(z) be the second derivative of -1/12*z**4 + 1/2*z**3 + 0 + 2*z + 7/2*z**2. Calculate p(l).
-3
Let p(m) = -m**3 + 4. Suppose 164*q - 162*q - 4 = 0. Calculate p(q).
-4
Suppose -3*n - 2*o - 3*o = 10, 5*n = 2*o + 4. Let d = n - -5. Let w(b) = -2 - d*b + 3*b - b**2 + 0*b**2 + 5. Calculate w(2).
-5
Let a(y) = 2*y**3 + y**2 - 3*y - 2. Let p = -3 - -3. Let u = -3 - -1. Let b = p + u. What is a(b)?
-8
Let z(l) be the first derivative of l**4/4 + 2*l**3 + 2*l**2 - 5*l + 7. Determine z(-5).
0
Let o be 2/((4/(-4))/(-1)). Let c(s) = -3*s + s**2 - o*s**2 + 4*s + 0*s**3 + s**3 + 1. Determine c(2).
7
Suppose -5 + 2 = -c, -2*w + 17 = c. Let j = -11 + w. Let a be (10/j)/((-4)/(-8)). Let p(d) = d + 7. Give p(a).
2
Let r(s) = -3 + 10*s - 9*s + s**2 - 9*s. Give r(7).
-10
Let g(z) be the first derivative of -z**3/3 + 3*z**2/2 + 3*z + 6. Calculate g(3).
3
Let y(j) be the third derivative of -j**6/120 + j**5/60 - j**4/8 - j**3/6 - j**2 + 2. What is y(-2)?
17
Let p(q) = q + 5. Let z(s) = -2*s - 13. Let d(w) = -5*p(w) - 2*z(w). Let a be 6/(1 - -1) - 0. What is d(a)?
-2
Suppose 6*a - 4*a - 3*d = -23, 0 = a - 4*d + 24. Let r(k) = k**2 - k + 1. Let z(s) = -s**2 + 6*s + 4. Let q(i) = -2*r(i) - z(i). Give q(a).
-6
Let n(r) be the third derivative of r**5/60 - 7*r**4/24 + r**3 + r**2. Suppose -5 = v, 0*g + 4*v + 10 = -2*g. Give n(g).
-4
Let l be (-1 - 0)*2 + -1. Let x(w) = 2*w + 11 - 2 + 2*w**2 - 4 + w**3 - 1. Calculate x(l).
-11
Let a(q) = -1 + 0 - 3*q - 3*q + 7*q. Determine a(6).
5
Suppose 8 = -2*i + i - 4*v, 56 = -5*i - 4*v. Let a = i - -8. Let u(f) = f**2 - f - 8. Let t(n) = 2*n**2 - n - 15. Let h(b) = -3*t(b) + 5*u(b). What is h(a)?
-3
Let p be (-12)/(-1)*(-5)/(-10). Suppose 3*r - 4*r + p = 0. Let c(x) = -x**2 + 5*x + 4. Give c(r).
-2
Let y(l) = 6*l**3 + l**2 + l - 1. Let h = -3 - 2. Let f be -4*((-27)/6 + 3). Let s = h + f. What is y(s)?
7
Let o(c) = -2*c**2 + c + 1. Let y = -20 + 19. Calculate o(y).
-2
Let a(z) be the second derivative of -z**5/20 + z**4/4 + 5*z**3/6 - 2*z**2 + 8*z. What is a(4)?
0
Let u(m) = -m**3 + m - 1. Let s(j) = 7*j**3 + j**2 - 7*j + 17. Let f(a) = -s(a) - 6*u(a). Suppose 0*q + 7*q = 0. What is f(q)?
-11
Suppose -3*w = 2*x - 0*x + 13, 2*x + 2*w + 10 = 0. Let d(u) = u**2 + 2*u + 3. Determine d(x).
3
Let g(a) = a**2 + 7*a - 6. Let o(w) = 2*w**2 + 14*w - 11. Let t(b) = 5*g(b) - 3*o(b). What is t(-7)?
3
Let p(f) = 25*f**3 + 15*f**3 - 35*f**3 + 4 + f - 5 - f**2. Give p(1).
4
Suppose -12 = -4*q - 3*l, 0 = -l - 2*l + 12. Let o(m) be the third derivative of q*m - 1/60*m**5 + 5/24*m**4 + 0*m**3 + 2*m**2 + 0. Give o(4).
4
Suppose 0 = -2*r + 3 + 1. Let w(g) be the second derivative of g**6/180 - g**5/60 - g**4/12 + 2*g. Let i(d) be the third derivative of w(d). Calculate i(r).
6
Suppose -2 - 14 = 2*s. Suppose -j = -5*k - 29, 3*j = 6*k - k + 37. Let a = s - k. Let h(p) = -p**3 - 4*p**2 - 2*p - 2. Calculate h(a).
-5
Suppose 4*f - 10 = 2*f. Let a(x) = -x**3 + 6*x**2 + 8*x. Let w(s) = 5*s**3 - 31*s**2 - 41*s. Let o(m) = 11*a(m) + 2*w(m). Determine o(f).
5
Let t(p) = p**2 + p - 5. Let y be t(0). Let q be (-1)/3 - (-20)/6. Let w(x) = 0*x + 0*x**2 - q*x + 3 - 6*x**2 - x**3. What is w(y)?
-7
Let c be (-9)/(-6) + 1/2. Suppose 15 = -5*h, f - c*f + 5 = -2*h. Let n(d) = d**2. Give n(f).
1
Let m(t) = -7*t - 17. Let u(w) = -w. Suppose -4*p + r = 29, 2*p - 5*r = 7*p + 5. Let k(x) = p*u(x) + m(x). Calculate k(0).
-17
Let f(m) = -5*m**2 + 3*m**2 - 1 - 4*m - m**2. What is f(-3)?
-16
Let p(c) = -53 - 3*c**2 - c + 53. Let b = 4 - 3. Let h be p(b). Let y(w) = -w**2 - 3*w - 2. Give y(h).
-6
Let l(p) be the second derivative of -p**5/20 + 5*p**4/6 + 11*p**3/6 - p**2/2 + 4*p. Determine l(11).
-1
Let d = 23 + -16. Suppose -5*i = -4*g - 7, 0 = 3*i + d*g - 2*g - 19. Let s(u) = -6*u**2 + i*u**2 + 0*u**3 - u**3 + 6*u + 4. Give s(-4).
-4
Let k(g) be the second derivative of g**4/4 + g**3/2 + g**2/2 + g. Let f(z) = z**2 - 8*z + 10. Let t be f(6). Calculate k(t).
7
Let n = -1 - -3. Let y = n + -4. Let i(h) = -5*h - 2. Calculate i(y).
8
Let o(s) = s**2 + 6*s + 2. Let v be o(-6). Suppose -v*z + 5 = 3. Let x(c) = -c**2 - z - 3*c + 0*c - 1. Calculate x(-3).
-2
Let r(s) be the second derivative of 0 - 1/12*s**4 - 1/2*s**3 + s + 1/20*s**5 + s**2. Let a = 6 + -4. Give r(a).
0
Let u(z) = 14*z + 2. Let y(g) = 40*g + 5. Let h(i) = 8*u(i) - 3*y(i). Give h(1).
-7
Let s be ((-8)/(-5))/((-10)/(-25)). Suppose -2*w + 4*w - 2*r = 10, -4*w + 5*r = -21. Let d(p) = 2*p - 5*p - w + 4*p. Calculate d(s).
0
Let h(t) be the third derivative of t**6/120 + t**5/12 - t**4/8 + 4*t**3/3 + 2*t**2. Determine h(-6).
-10
Let d(k) = -k**2 - 6*k + 10. Let z be d(-7). Suppose -v = z*v + 16, 6 = -2*m - 3*v. Let x(t) = -t - 4*t**2 - 1 + 2*t**3 + m*t + 0*t**3 - t*